+ 76. Let i be g(-13). Let h = i + j. List the prime factors of h.
2, 3
Let l(s) be the second derivative of s**4/6 + s**3/6 - 3*s**2/2 - 4*s. Let d be l(-5). Suppose -5*c + o + d = 0, 3*c - o + 10 = 36. List the prime factors of c.
2
Suppose 0 = -0*s - 5*s - 4*h + 35, -5*h - 28 = -4*s. Suppose -854 - 343 = -s*g. List the prime factors of g.
3, 19
Let c = 32 + 46. Let l(z) = -z**2 + 5*z + 9. Let v be l(6). Suppose c = 3*x + v*x. List the prime factors of x.
13
Suppose -3*b = 5*y - 2839, -1120 = -10*y + 8*y + 4*b. What are the prime factors of y?
2, 283
Suppose n = -n + 32. Let x = n - 11. Suppose 70 = 2*m - 2*w, 111 = x*m - 4*w - 60. List the prime factors of m.
31
Suppose -3*j + 4*i + 0 = 17, 0 = -2*i - 2. Let g = j - -11. Suppose g*u + 14 + 17 = v, 0 = -4*u - 12. What are the prime factors of v?
19
Suppose 84 = 4*v + 3*v. Suppose 6*y + v - 108 = 0. List the prime factors of y.
2
What are the prime factors of (784/(-980))/((-2)/2635)?
2, 17, 31
Let j(z) = -351*z - 76. What are the prime factors of j(-2)?
2, 313
List the prime factors of (-3723)/((77/231)/(1/(-3))).
3, 17, 73
Let l = 1053 - -1527. What are the prime factors of l?
2, 3, 5, 43
Suppose 3*n - 222 = 2*g + 179, 0 = 3*n - g - 400. List the prime factors of n.
7, 19
Suppose 4*k - 12296 = 11*q - 7*q, 0 = 5*k + 4*q - 15361. List the prime factors of k.
7, 439
Suppose 2*q = 5*q. Suppose q = 3*i - 61 - 116. What are the prime factors of i?
59
Suppose 0*f + 2*f - g - 462 = 0, 4 = -g. What are the prime factors of f?
229
Let t(s) = -84*s - 477. List the prime factors of t(-35).
3, 821
Suppose -7*u - 3 = -45. Suppose 5*r + 16 = u*r. List the prime factors of r.
2
Suppose 9425 - 113 = 16*c. What are the prime factors of c?
2, 3, 97
Let b(r) = 38*r**3 - 1. Let k be b(-1). Let q be (-71)/(-3) + 26/k. Suppose 0 = 5*d - d + m - q, -4*d - 2*m = -18. List the prime factors of d.
7
Let v = 247 + -90. List the prime factors of v.
157
What are the prime factors of 54*(-5 - (-245)/15)?
2, 3, 17
Let y(w) = -w**3 + 23*w**2 + 27*w + 45. List the prime factors of y(23).
2, 3, 37
Let t = 20 - -15. Let y be 37*(0/(-2) + -7). List the prime factors of (y/t)/((-1)/5).
37
Let v = 550 + -326. Suppose 2*d = -2*c - d - 2, c = -d. Suppose -c*h - 2*h + 5*u + 169 = 0, -5*h + 2*u = -v. List the prime factors of h.
2, 23
List the prime factors of (-67388)/272*(2 + -1)*-4.
991
Suppose 0 = 3*m + 15, 0*k + 5*m = k + 61. Let w = -31 - k. What are the prime factors of w?
5, 11
Let b be (3/9)/((22/12)/11). Suppose 9*t = -b + 1028. What are the prime factors of t?
2, 3, 19
Suppose 0 = -80*l + 75*l + 660. List the prime factors of l.
2, 3, 11
Let s = -9 - -12. Suppose -r - 8 = r, 5*j = s*r + 57. List the prime factors of j/(-45) + (-32)/(-10).
3
Let y = 617 - 165. List the prime factors of y.
2, 113
Suppose 72 = -4*a - 808. List the prime factors of (-25)/(-2)*(-5)/(125/a).
2, 5, 11
Suppose 6*k - 4*k = 6. Suppose 103 = -k*p - 2*n, -2*p + 0*p - n - 69 = 0. Let s = p + 54. List the prime factors of s.
19
Let p(l) = -2 - 19*l + 30 + 7*l + 5*l. List the prime factors of p(-4).
2, 7
Let y = -4 + 8. Suppose y*f - 20 = -0*f. Suppose f*u + 2*o - 40 = 0, 2*u - 2*o - 2 + 0 = 0. List the prime factors of u.
2, 3
Let j = 126 + -75. Suppose 0 = 5*w + 3*k - 9 - j, 10 = w + k. What are the prime factors of w?
3, 5
Let p = 67 - 15. Suppose -p*o = -47*o - 40. What are the prime factors of o?
2
Let t be (-258)/(-4) - 9/(-18). Let d = -5 + t. List the prime factors of d.
2, 3, 5
What are the prime factors of 558/1*4/6?
2, 3, 31
Suppose m - 3*m = -4. Suppose -60 + 194 = m*h. Suppose 2*c + 3*d = h, 5*d + 14 + 0 = c. What are the prime factors of c?
29
Suppose -5*c = -3*b - 522 - 2030, 4*c - 2040 = 2*b. Suppose -118 = -a - p, -5*p = 4*a + 34 - c. List the prime factors of a.
2, 29
Let f be 2/11 - (-477)/99. Suppose 32 - 237 = -5*u - 2*i, f = -i. List the prime factors of u.
43
Let n = 1832 - 1055. What are the prime factors of n?
3, 7, 37
Suppose -4*b + 2665 = h, -6*b + 4*h = -4*b - 1310. List the prime factors of b.
5, 7, 19
List the prime factors of -3*(-3 + 5) - -235.
229
Suppose 5*m = -z + 13275, -4*z = -12 + 32. What are the prime factors of m?
2, 83
Suppose 12*i - 36 = -0. List the prime factors of 244/(i*(-9)/((-81)/6)).
2, 61
Suppose -2*y + 515 = -51. List the prime factors of y.
283
Let u(a) = -a**2 - 3*a + 14. Suppose -18 = -3*n - 5*y - 51, -n = -2*y. Let b be u(n). What are the prime factors of (-18)/12 - 162/b?
3, 13
Let o = 4 - 6. Let q(u) = -3*u**2 + 11*u. Let z be q(3). What are the prime factors of (z/(-18))/(o/54)?
3
Suppose 4*a = 10 + 6. Suppose v = 3*i - 13, 3*v = -a*i + 4*v + 16. Suppose -u = 5*b + 1, i*b = -0*b - 6. What are the prime factors of u?
3
Suppose 2*p - 26 = -4*a, -5 + 37 = 5*a + 2*p. Suppose -a*r - 13 + 43 = 0. What are the prime factors of r?
5
Let u(l) = -325*l - 907. List the prime factors of u(-12).
41, 73
Let f = 6 - 16. Let s(o) = -26*o**3 + 2 + 9*o - 9*o**2 + 25*o**3 - o. List the prime factors of s(f).
2, 11
Suppose -5*b + 72 = -b. Suppose 0 = t + 3*a + a + b, 0 = 4*t + 3*a + 7. Suppose 5*p - 93 = t*p. List the prime factors of p.
31
Let d(c) = 5*c + 48. Let s be d(-8). What are the prime factors of (s/12)/(4/1206)?
3, 67
Let u(k) = -2*k**2 - 22*k + 1. Let v be u(-9). Suppose v = 4*i - 15. What are the prime factors of i?
13
Let t(q) = -q**3 + 11*q**2 - 14*q + 9. Let g be t(5). Let l = 153 - g. What are the prime factors of l?
2
Let l(k) = k**3 - 4*k**2 - 6*k + 15. Suppose 4*s - 30 = -2*h, 5*s + 17 = -4*h + 65. What are the prime factors of l(h)?
2, 3, 5
List the prime factors of (9 - 57171/(-95))/(1/5).
2, 3, 509
Suppose -4*w + 4*b = -48, w + 6*b + 6 = b. Let r = w - 4. Suppose p - r*p = -100. List the prime factors of p.
5
Let z(x) = 64*x - 79. What are the prime factors of z(10)?
3, 11, 17
What are the prime factors of ((-1988)/(-7))/(16/44)?
11, 71
Let k(p) = p**2 + 4*p + 2 - 4*p. Let y be k(0). Suppose 70 = 5*n - 5*z, -y*n - z - 2*z = -8. What are the prime factors of n?
2, 5
Let c = 2 - 14. Let f(o) = 44*o + 8. Let m be f(1). Let i = m + c. What are the prime factors of i?
2, 5
Let u(r) = -r**2 + 6*r. Let i be u(5). Suppose 0 = -i*f + 72 + 248. What are the prime factors of f?
2
What are the prime factors of (-24672)/(-84) - (6/(-21))/1?
2, 3, 7
Suppose 1 + 19 = 5*a. Suppose -n = -a*g + 172, 4*n = -n. Suppose 4*m - g = 25. List the prime factors of m.
17
Suppose 4*c = 6*c - 92. Suppose -k + c = 3*y, -y - 3*k + 4*k + 10 = 0. What are the prime factors of y?
2, 7
Let h be 1/(-4) + (-61)/(-4). Let p be (-6)/h - (-27)/5. Suppose 4*z = p*l - 73, -2*l + 4 = -5*z - 32. What are the prime factors of l?
13
Let x(t) = 100*t - 75. List the prime factors of x(6).
3, 5, 7
Suppose 4*r = 2*r + 32. Let h be 6/(-4) - (-72)/r. Suppose 0 = -5*x + 52 + h. What are the prime factors of x?
11
Suppose 3*m + 5*h = -0*m + 7924, -4*h = 2*m - 5284. What are the prime factors of m?
2, 1319
Let p(d) = -4*d - 2 - 2 - d + 8. Let r be p(-2). Suppose -18*a + r*a + 32 = 0. List the prime factors of a.
2
Suppose d - 523 = -0*c + 2*c, 0 = -3*c + 15. List the prime factors of d.
13, 41
Let l = 29 - 22. Suppose l*y - 447 = -55. List the prime factors of y.
2, 7
Suppose 0*w = 2*w. What are the prime factors of -41*(4 + -5)*(1 + w)?
41
Let p(x) = 4*x**2 - 2*x - 2. Let m = -10 + 11. Let l be (-6)/(-4*m/(-2)). List the prime factors of p(l).
2, 5
Let m(x) = 10*x + 15. Let l(h) = 40*h + 59. Let j(b) = 2*l(b) - 9*m(b). Let q(y) = -6*y**2 + 11*y + 12. Let z be q(-1). List the prime factors of j(z).
3, 11
Let v(k) = 88*k**3 - 3*k**2 + 3*k - 1. Let s be v(1). Suppose -3 = -5*y + 2, 2*w + 5*y = s. List the prime factors of w.
41
Suppose 0*c + 4*c = 5*r + 72, 0 = 2*r - 3*c + 26. Let l = 16 + r. Suppose l = 2*u - 24 - 106. What are the prime factors of u?
5, 13
List the prime factors of (12/(-8))/((-6)/1432).
2, 179
Suppose -g = -4*g + 2*x + 3599, -5*x = 2*g - 2393. List the prime factors of g.
11, 109
List the prime factors of 0/(84/7) - -1*1369.
37
Let j = -30 + 37. Suppose j*a = 119 + 161. What are the prime factors of a?
2, 5
What are the prime factors of -2*1 + (-61 - -477)?
2, 3, 23
Let a(x) = 85*x - 8. Let q be a(6). Suppose 0 = -5*l + 643 + q. What are the prime factors of l?
229
List the prime factors of 2 - 80/(420/(-138) + 3).
2, 3, 30